{"id":269,"date":"2021-10-29T15:57:05","date_gmt":"2021-10-29T15:57:05","guid":{"rendered":"https:\/\/www.rymattylanvpk.fi\/?page_id=269"},"modified":"2025-06-30T10:30:16","modified_gmt":"2025-06-30T10:30:16","slug":"vpk-talo-ja-rantasauna","status":"publish","type":"page","link":"https:\/\/www.rymattylanvpk.fi\/index.php\/vpk-talo-ja-rantasauna\/","title":{"rendered":"VPK-talo ja rantasauna"},"content":{"rendered":"\t\t<div data-elementor-type=\"wp-page\" data-elementor-id=\"269\" class=\"elementor elementor-269\">\n\t\t\t\t\t\t<section class=\"elementor-section elementor-top-section elementor-element elementor-element-e24918d elementor-section-boxed elementor-section-height-default elementor-section-height-default\" data-id=\"e24918d\" data-element_type=\"section\" data-e-type=\"section\">\n\t\t\t\t\t\t<div class=\"elementor-container elementor-column-gap-default\">\n\t\t\t\t\t<div class=\"elementor-column elementor-col-50 elementor-top-column elementor-element elementor-element-cdf7f05\" data-id=\"cdf7f05\" data-element_type=\"column\" data-e-type=\"column\">\n\t\t\t<div class=\"elementor-widget-wrap elementor-element-populated\">\n\t\t\t\t\t\t<div class=\"elementor-element elementor-element-9bd3e25 elementor-widget elementor-widget-heading\" data-id=\"9bd3e25\" data-element_type=\"widget\" data-e-type=\"widget\" data-widget_type=\"heading.default\">\n\t\t\t\t<div class=\"elementor-widget-container\">\n\t\t\t\t\t<h2 class=\"elementor-heading-title elementor-size-default\">VPK-talo<\/h2>\t\t\t\t<\/div>\n\t\t\t\t<\/div>\n\t\t\t\t<div class=\"elementor-element elementor-element-4628216 elementor-widget elementor-widget-text-editor\" data-id=\"4628216\" data-element_type=\"widget\" data-e-type=\"widget\" data-widget_type=\"text-editor.default\">\n\t\t\t\t<div class=\"elementor-widget-container\">\n\t\t\t\t\t\t\t\t\t<p>VPK:n talo on vuokrattavissa yleis\u00f6- ja juhlatapahtumiin, kuten h\u00e4ihin, yritysten juhliin ja muihin tilaisuuksiin. P\u00e4\u00e4rakennukseen mahtuu enint\u00e4\u00e4n 240 henkil\u00f6\u00e4.<\/p><p>P\u00e4\u00e4rakennus ja sauna ovat l\u00e4hell\u00e4 toisiaan ja vuokrattavissa samaan aikaan. N\u00e4in voi luonnollisesti siirty\u00e4 illan my\u00f6t\u00e4 saunomaan, paljuilemaan ja viett\u00e4m\u00e4\u00e4n vaikka kes\u00e4iltaa rannalle. Isot piha- ja ranta-alueet mahdollistavat hyvin monimuotoista ajanviettoa ja puuhaa kaikenik\u00e4isille.<\/p>\t\t\t\t\t\t\t\t<\/div>\n\t\t\t\t<\/div>\n\t\t\t\t\t<\/div>\n\t\t<\/div>\n\t\t\t\t<div class=\"elementor-column elementor-col-50 elementor-top-column elementor-element elementor-element-7ce6eca\" data-id=\"7ce6eca\" data-element_type=\"column\" data-e-type=\"column\">\n\t\t\t<div class=\"elementor-widget-wrap elementor-element-populated\">\n\t\t\t\t\t\t<div class=\"elementor-element elementor-element-e088625 elementor-widget elementor-widget-image\" data-id=\"e088625\" data-element_type=\"widget\" data-e-type=\"widget\" data-widget_type=\"image.default\">\n\t\t\t\t<div class=\"elementor-widget-container\">\n\t\t\t\t\t\t\t\t\t\t\t\t\t\t\t<img fetchpriority=\"high\" decoding=\"async\" width=\"900\" height=\"500\" src=\"https:\/\/www.rymattylanvpk.fi\/wp-content\/uploads\/2021\/10\/talo2.png\" class=\"attachment-large size-large wp-image-279\" alt=\"\" srcset=\"https:\/\/www.rymattylanvpk.fi\/wp-content\/uploads\/2021\/10\/talo2.png 900w, https:\/\/www.rymattylanvpk.fi\/wp-content\/uploads\/2021\/10\/talo2-300x167.png 300w, https:\/\/www.rymattylanvpk.fi\/wp-content\/uploads\/2021\/10\/talo2-768x427.png 768w, https:\/\/www.rymattylanvpk.fi\/wp-content\/uploads\/2021\/10\/talo2-825x458.png 825w, https:\/\/www.rymattylanvpk.fi\/wp-content\/uploads\/2021\/10\/talo2-600x333.png 600w, https:\/\/www.rymattylanvpk.fi\/wp-content\/uploads\/2021\/10\/talo2-400x222.png 400w\" sizes=\"(max-width: 900px) 100vw, 900px\" \/>\t\t\t\t\t\t\t\t\t\t\t\t\t\t\t<\/div>\n\t\t\t\t<\/div>\n\t\t\t\t\t<\/div>\n\t\t<\/div>\n\t\t\t\t\t<\/div>\n\t\t<\/section>\n\t\t\t\t<section class=\"elementor-section elementor-top-section elementor-element elementor-element-7763a72 elementor-section-boxed elementor-section-height-default elementor-section-height-default\" data-id=\"7763a72\" data-element_type=\"section\" data-e-type=\"section\">\n\t\t\t\t\t\t<div class=\"elementor-container elementor-column-gap-default\">\n\t\t\t\t\t<div class=\"elementor-column elementor-col-50 elementor-top-column elementor-element elementor-element-36a7f7b\" data-id=\"36a7f7b\" data-element_type=\"column\" data-e-type=\"column\">\n\t\t\t<div class=\"elementor-widget-wrap elementor-element-populated\">\n\t\t\t\t\t\t<div class=\"elementor-element elementor-element-b03c3f2 elementor-widget__width-initial elementor-widget elementor-widget-image\" data-id=\"b03c3f2\" data-element_type=\"widget\" data-e-type=\"widget\" data-widget_type=\"image.default\">\n\t\t\t\t<div class=\"elementor-widget-container\">\n\t\t\t\t\t\t\t\t\t\t\t\t\t\t\t<img decoding=\"async\" width=\"1152\" height=\"1536\" src=\"https:\/\/www.rymattylanvpk.fi\/wp-content\/uploads\/2023\/05\/image_67529729-1152x1536.jpg\" class=\"attachment-1536x1536 size-1536x1536 wp-image-450\" alt=\"\" srcset=\"https:\/\/www.rymattylanvpk.fi\/wp-content\/uploads\/2023\/05\/image_67529729-1152x1536.jpg 1152w, https:\/\/www.rymattylanvpk.fi\/wp-content\/uploads\/2023\/05\/image_67529729-225x300.jpg 225w, https:\/\/www.rymattylanvpk.fi\/wp-content\/uploads\/2023\/05\/image_67529729-768x1024.jpg 768w, https:\/\/www.rymattylanvpk.fi\/wp-content\/uploads\/2023\/05\/image_67529729-1536x2048.jpg 1536w, https:\/\/www.rymattylanvpk.fi\/wp-content\/uploads\/2023\/05\/image_67529729-465x620.jpg 465w, https:\/\/www.rymattylanvpk.fi\/wp-content\/uploads\/2023\/05\/image_67529729-750x1000.jpg 750w, https:\/\/www.rymattylanvpk.fi\/wp-content\/uploads\/2023\/05\/image_67529729-488x650.jpg 488w, https:\/\/www.rymattylanvpk.fi\/wp-content\/uploads\/2023\/05\/image_67529729-338x450.jpg 338w, https:\/\/www.rymattylanvpk.fi\/wp-content\/uploads\/2023\/05\/image_67529729-scaled.jpg 1920w\" sizes=\"(max-width: 1152px) 100vw, 1152px\" \/>\t\t\t\t\t\t\t\t\t\t\t\t\t\t\t<\/div>\n\t\t\t\t<\/div>\n\t\t\t\t\t<\/div>\n\t\t<\/div>\n\t\t\t\t<div class=\"elementor-column elementor-col-50 elementor-top-column elementor-element elementor-element-10fa8ea\" data-id=\"10fa8ea\" data-element_type=\"column\" data-e-type=\"column\">\n\t\t\t<div class=\"elementor-widget-wrap elementor-element-populated\">\n\t\t\t\t\t\t<div class=\"elementor-element elementor-element-67fb4e8 elementor-widget elementor-widget-heading\" data-id=\"67fb4e8\" data-element_type=\"widget\" data-e-type=\"widget\" data-widget_type=\"heading.default\">\n\t\t\t\t<div class=\"elementor-widget-container\">\n\t\t\t\t\t<h2 class=\"elementor-heading-title elementor-size-default\">Rantasauna<\/h2>\t\t\t\t<\/div>\n\t\t\t\t<\/div>\n\t\t\t\t<div class=\"elementor-element elementor-element-31f196c elementor-widget elementor-widget-text-editor\" data-id=\"31f196c\" data-element_type=\"widget\" data-e-type=\"widget\" data-widget_type=\"text-editor.default\">\n\t\t\t\t<div class=\"elementor-widget-container\">\n\t\t\t\t\t\t\t\t\t<p style=\"font-weight: 400;\">Saunan rannassa on luonnollisesti uimalaituri ja pieni\u00a0 \u201dhiekkaranta\u201d. Saunan pihalta l\u00f6ytyy erikseen vuokrattavissa oleva l\u00e4mmitett\u00e4v\u00e4 palju. Lis\u00e4ksi pihalla on grillikatos, jossa puu\/hiiligrillausmahdollisuus.<\/p><p style=\"font-weight: 400;\">Saunan tupakeitti\u00f6 on hyvin varusteltu, sielt\u00e4 l\u00f6ytyv\u00e4t mm. uuni, mikroaaltouuni, kahvinkeitin, vedenkeitin, astianpesukone, j\u00e4\u00e4kaappi sek\u00e4 perus ruokailu- ja kokkausv\u00e4lineet.<\/p><p style=\"font-weight: 400;\">Saunan varustukseen kuuluu takka, ilmal\u00e4mp\u00f6pumppu, stereot ja televisio. Ruokap\u00f6yt\u00e4 tuoleineen l\u00f6ytyy 10 hengelle, lis\u00e4ksi kulmasohva sek\u00e4 kolme nojatuolia. Saunalta l\u00f6ytyy nukkumapaikat 7 henkil\u00f6lle: kaksi levitett\u00e4v\u00e4\u00e4 vuodesohvaa sek\u00e4 kerross\u00e4nky, jossa alas\u00e4nky kahden nukuttava. Peitot ja tyynyt (7 kpl) k\u00e4ytett\u00e4viss\u00e4, liinavaatteet mahdollista vuokrata erillist\u00e4 maksua vastaan.<\/p><p style=\"font-weight: 400;\">Rantasaunamme sijaitsee Kirkonkyl\u00e4n taajaman tuntumassa, rauhallisessa paikassa hyvien palvelujen \u00e4\u00e4rell\u00e4. Pys\u00e4k\u00f6intitilaa on runsaasti. Vieress\u00e4 oleva vierasvenelaituri on k\u00e4ytett\u00e4viss\u00e4. Vierasvenesatamasta vastaa Naantalin kaupunki.<\/p>\t\t\t\t\t\t\t\t<\/div>\n\t\t\t\t<\/div>\n\t\t\t\t\t<\/div>\n\t\t<\/div>\n\t\t\t\t\t<\/div>\n\t\t<\/section>\n\t\t\t\t<section class=\"elementor-section elementor-top-section elementor-element elementor-element-3461917 elementor-section-boxed elementor-section-height-default elementor-section-height-default\" data-id=\"3461917\" data-element_type=\"section\" data-e-type=\"section\">\n\t\t\t\t\t\t<div class=\"elementor-container elementor-column-gap-default\">\n\t\t\t\t\t<div class=\"elementor-column elementor-col-20 elementor-top-column elementor-element elementor-element-6ca232b\" data-id=\"6ca232b\" data-element_type=\"column\" data-e-type=\"column\">\n\t\t\t<div class=\"elementor-widget-wrap elementor-element-populated\">\n\t\t\t\t\t\t<div class=\"elementor-element elementor-element-b370d63 elementor-widget elementor-widget-image\" data-id=\"b370d63\" data-element_type=\"widget\" data-e-type=\"widget\" data-widget_type=\"image.default\">\n\t\t\t\t<div class=\"elementor-widget-container\">\n\t\t\t\t\t\t\t\t\t\t\t\t\t\t\t<img decoding=\"async\" width=\"768\" height=\"1024\" src=\"https:\/\/www.rymattylanvpk.fi\/wp-content\/uploads\/2023\/05\/image_67197441-768x1024.jpg\" class=\"attachment-large size-large wp-image-447\" alt=\"\" srcset=\"https:\/\/www.rymattylanvpk.fi\/wp-content\/uploads\/2023\/05\/image_67197441-768x1024.jpg 768w, https:\/\/www.rymattylanvpk.fi\/wp-content\/uploads\/2023\/05\/image_67197441-225x300.jpg 225w, https:\/\/www.rymattylanvpk.fi\/wp-content\/uploads\/2023\/05\/image_67197441-1152x1536.jpg 1152w, https:\/\/www.rymattylanvpk.fi\/wp-content\/uploads\/2023\/05\/image_67197441-1536x2048.jpg 1536w, https:\/\/www.rymattylanvpk.fi\/wp-content\/uploads\/2023\/05\/image_67197441-465x620.jpg 465w, https:\/\/www.rymattylanvpk.fi\/wp-content\/uploads\/2023\/05\/image_67197441-750x1000.jpg 750w, https:\/\/www.rymattylanvpk.fi\/wp-content\/uploads\/2023\/05\/image_67197441-488x650.jpg 488w, https:\/\/www.rymattylanvpk.fi\/wp-content\/uploads\/2023\/05\/image_67197441-338x450.jpg 338w, https:\/\/www.rymattylanvpk.fi\/wp-content\/uploads\/2023\/05\/image_67197441-scaled.jpg 1920w\" sizes=\"(max-width: 768px) 100vw, 768px\" \/>\t\t\t\t\t\t\t\t\t\t\t\t\t\t\t<\/div>\n\t\t\t\t<\/div>\n\t\t\t\t\t<\/div>\n\t\t<\/div>\n\t\t\t\t<div class=\"elementor-column elementor-col-20 elementor-top-column elementor-element elementor-element-ed70068\" data-id=\"ed70068\" data-element_type=\"column\" data-e-type=\"column\">\n\t\t\t<div class=\"elementor-widget-wrap elementor-element-populated\">\n\t\t\t\t\t\t<div class=\"elementor-element elementor-element-4c1983c elementor-widget elementor-widget-image\" data-id=\"4c1983c\" data-element_type=\"widget\" data-e-type=\"widget\" data-widget_type=\"image.default\">\n\t\t\t\t<div class=\"elementor-widget-container\">\n\t\t\t\t\t\t\t\t\t\t\t\t\t\t\t<img loading=\"lazy\" decoding=\"async\" width=\"768\" height=\"1024\" src=\"https:\/\/www.rymattylanvpk.fi\/wp-content\/uploads\/2023\/05\/image_67235329-768x1024.jpg\" class=\"attachment-large size-large wp-image-449\" alt=\"\" srcset=\"https:\/\/www.rymattylanvpk.fi\/wp-content\/uploads\/2023\/05\/image_67235329-768x1024.jpg 768w, https:\/\/www.rymattylanvpk.fi\/wp-content\/uploads\/2023\/05\/image_67235329-225x300.jpg 225w, https:\/\/www.rymattylanvpk.fi\/wp-content\/uploads\/2023\/05\/image_67235329-1152x1536.jpg 1152w, https:\/\/www.rymattylanvpk.fi\/wp-content\/uploads\/2023\/05\/image_67235329-1536x2048.jpg 1536w, https:\/\/www.rymattylanvpk.fi\/wp-content\/uploads\/2023\/05\/image_67235329-465x620.jpg 465w, https:\/\/www.rymattylanvpk.fi\/wp-content\/uploads\/2023\/05\/image_67235329-750x1000.jpg 750w, https:\/\/www.rymattylanvpk.fi\/wp-content\/uploads\/2023\/05\/image_67235329-488x650.jpg 488w, https:\/\/www.rymattylanvpk.fi\/wp-content\/uploads\/2023\/05\/image_67235329-338x450.jpg 338w, https:\/\/www.rymattylanvpk.fi\/wp-content\/uploads\/2023\/05\/image_67235329-scaled.jpg 1920w\" sizes=\"(max-width: 768px) 100vw, 768px\" \/>\t\t\t\t\t\t\t\t\t\t\t\t\t\t\t<\/div>\n\t\t\t\t<\/div>\n\t\t\t\t\t<\/div>\n\t\t<\/div>\n\t\t\t\t<div class=\"elementor-column elementor-col-20 elementor-top-column elementor-element elementor-element-f00222a\" data-id=\"f00222a\" data-element_type=\"column\" data-e-type=\"column\">\n\t\t\t<div class=\"elementor-widget-wrap elementor-element-populated\">\n\t\t\t\t\t\t<div class=\"elementor-element elementor-element-679e31c elementor-widget elementor-widget-image\" data-id=\"679e31c\" data-element_type=\"widget\" data-e-type=\"widget\" data-widget_type=\"image.default\">\n\t\t\t\t<div class=\"elementor-widget-container\">\n\t\t\t\t\t\t\t\t\t\t\t\t\t\t\t<img loading=\"lazy\" decoding=\"async\" width=\"768\" height=\"1024\" src=\"https:\/\/www.rymattylanvpk.fi\/wp-content\/uploads\/2023\/05\/image_67221505-768x1024.jpg\" class=\"attachment-large size-large wp-image-448\" alt=\"\" srcset=\"https:\/\/www.rymattylanvpk.fi\/wp-content\/uploads\/2023\/05\/image_67221505-768x1024.jpg 768w, https:\/\/www.rymattylanvpk.fi\/wp-content\/uploads\/2023\/05\/image_67221505-225x300.jpg 225w, https:\/\/www.rymattylanvpk.fi\/wp-content\/uploads\/2023\/05\/image_67221505-1152x1536.jpg 1152w, https:\/\/www.rymattylanvpk.fi\/wp-content\/uploads\/2023\/05\/image_67221505-1536x2048.jpg 1536w, https:\/\/www.rymattylanvpk.fi\/wp-content\/uploads\/2023\/05\/image_67221505-465x620.jpg 465w, https:\/\/www.rymattylanvpk.fi\/wp-content\/uploads\/2023\/05\/image_67221505-750x1000.jpg 750w, https:\/\/www.rymattylanvpk.fi\/wp-content\/uploads\/2023\/05\/image_67221505-488x650.jpg 488w, https:\/\/www.rymattylanvpk.fi\/wp-content\/uploads\/2023\/05\/image_67221505-338x450.jpg 338w, https:\/\/www.rymattylanvpk.fi\/wp-content\/uploads\/2023\/05\/image_67221505-scaled.jpg 1920w\" sizes=\"(max-width: 768px) 100vw, 768px\" \/>\t\t\t\t\t\t\t\t\t\t\t\t\t\t\t<\/div>\n\t\t\t\t<\/div>\n\t\t\t\t\t<\/div>\n\t\t<\/div>\n\t\t\t\t<div class=\"elementor-column elementor-col-20 elementor-top-column elementor-element elementor-element-8bb29df\" data-id=\"8bb29df\" data-element_type=\"column\" data-e-type=\"column\">\n\t\t\t<div class=\"elementor-widget-wrap elementor-element-populated\">\n\t\t\t\t\t\t<div class=\"elementor-element elementor-element-51e73bd elementor-widget elementor-widget-image\" data-id=\"51e73bd\" data-element_type=\"widget\" data-e-type=\"widget\" data-widget_type=\"image.default\">\n\t\t\t\t<div class=\"elementor-widget-container\">\n\t\t\t\t\t\t\t\t\t\t\t\t\t\t\t<img loading=\"lazy\" decoding=\"async\" width=\"768\" height=\"1024\" src=\"https:\/\/www.rymattylanvpk.fi\/wp-content\/uploads\/2023\/05\/image_67186177-768x1024.jpg\" class=\"attachment-large size-large wp-image-446\" alt=\"\" srcset=\"https:\/\/www.rymattylanvpk.fi\/wp-content\/uploads\/2023\/05\/image_67186177-768x1024.jpg 768w, https:\/\/www.rymattylanvpk.fi\/wp-content\/uploads\/2023\/05\/image_67186177-225x300.jpg 225w, https:\/\/www.rymattylanvpk.fi\/wp-content\/uploads\/2023\/05\/image_67186177-1152x1536.jpg 1152w, https:\/\/www.rymattylanvpk.fi\/wp-content\/uploads\/2023\/05\/image_67186177-1536x2048.jpg 1536w, https:\/\/www.rymattylanvpk.fi\/wp-content\/uploads\/2023\/05\/image_67186177-465x620.jpg 465w, https:\/\/www.rymattylanvpk.fi\/wp-content\/uploads\/2023\/05\/image_67186177-750x1000.jpg 750w, https:\/\/www.rymattylanvpk.fi\/wp-content\/uploads\/2023\/05\/image_67186177-488x650.jpg 488w, https:\/\/www.rymattylanvpk.fi\/wp-content\/uploads\/2023\/05\/image_67186177-338x450.jpg 338w, https:\/\/www.rymattylanvpk.fi\/wp-content\/uploads\/2023\/05\/image_67186177-scaled.jpg 1920w\" sizes=\"(max-width: 768px) 100vw, 768px\" \/>\t\t\t\t\t\t\t\t\t\t\t\t\t\t\t<\/div>\n\t\t\t\t<\/div>\n\t\t\t\t\t<\/div>\n\t\t<\/div>\n\t\t\t\t<div class=\"elementor-column elementor-col-20 elementor-top-column elementor-element elementor-element-01813b6\" data-id=\"01813b6\" data-element_type=\"column\" data-e-type=\"column\">\n\t\t\t<div class=\"elementor-widget-wrap elementor-element-populated\">\n\t\t\t\t\t\t<div class=\"elementor-element elementor-element-11e5199 elementor-widget elementor-widget-image\" data-id=\"11e5199\" data-element_type=\"widget\" data-e-type=\"widget\" data-widget_type=\"image.default\">\n\t\t\t\t<div class=\"elementor-widget-container\">\n\t\t\t\t\t\t\t\t\t\t\t\t\t\t\t<img loading=\"lazy\" decoding=\"async\" width=\"768\" height=\"1024\" src=\"https:\/\/www.rymattylanvpk.fi\/wp-content\/uploads\/2023\/05\/keittio-768x1024.jpg\" class=\"attachment-large size-large wp-image-459\" alt=\"\" srcset=\"https:\/\/www.rymattylanvpk.fi\/wp-content\/uploads\/2023\/05\/keittio-768x1024.jpg 768w, https:\/\/www.rymattylanvpk.fi\/wp-content\/uploads\/2023\/05\/keittio-225x300.jpg 225w, https:\/\/www.rymattylanvpk.fi\/wp-content\/uploads\/2023\/05\/keittio-1152x1536.jpg 1152w, https:\/\/www.rymattylanvpk.fi\/wp-content\/uploads\/2023\/05\/keittio-1536x2048.jpg 1536w, https:\/\/www.rymattylanvpk.fi\/wp-content\/uploads\/2023\/05\/keittio-465x620.jpg 465w, https:\/\/www.rymattylanvpk.fi\/wp-content\/uploads\/2023\/05\/keittio-750x1000.jpg 750w, https:\/\/www.rymattylanvpk.fi\/wp-content\/uploads\/2023\/05\/keittio-488x650.jpg 488w, https:\/\/www.rymattylanvpk.fi\/wp-content\/uploads\/2023\/05\/keittio-338x450.jpg 338w, https:\/\/www.rymattylanvpk.fi\/wp-content\/uploads\/2023\/05\/keittio-scaled.jpg 1920w\" sizes=\"(max-width: 768px) 100vw, 768px\" \/>\t\t\t\t\t\t\t\t\t\t\t\t\t\t\t<\/div>\n\t\t\t\t<\/div>\n\t\t\t\t\t<\/div>\n\t\t<\/div>\n\t\t\t\t\t<\/div>\n\t\t<\/section>\n\t\t\t\t<section class=\"elementor-section elementor-top-section elementor-element elementor-element-7606e60 elementor-section-boxed elementor-section-height-default elementor-section-height-default\" data-id=\"7606e60\" data-element_type=\"section\" data-e-type=\"section\">\n\t\t\t\t\t\t<div class=\"elementor-container elementor-column-gap-default\">\n\t\t\t\t\t<div class=\"elementor-column elementor-col-100 elementor-top-column elementor-element elementor-element-807f5d2\" data-id=\"807f5d2\" data-element_type=\"column\" data-e-type=\"column\">\n\t\t\t<div class=\"elementor-widget-wrap elementor-element-populated\">\n\t\t\t\t\t\t<div class=\"elementor-element elementor-element-4321a21 elementor-widget elementor-widget-heading\" data-id=\"4321a21\" data-element_type=\"widget\" data-e-type=\"widget\" data-widget_type=\"heading.default\">\n\t\t\t\t<div class=\"elementor-widget-container\">\n\t\t\t\t\t<h2 class=\"elementor-heading-title elementor-size-default\">VPK-talon ja saunan varauskyselyt<\/h2>\t\t\t\t<\/div>\n\t\t\t\t<\/div>\n\t\t\t\t<div class=\"elementor-element elementor-element-97de8ea elementor-widget elementor-widget-text-editor\" data-id=\"97de8ea\" data-element_type=\"widget\" data-e-type=\"widget\" data-widget_type=\"text-editor.default\">\n\t\t\t\t<div class=\"elementor-widget-container\">\n\t\t\t\t\t\t\t\t\t<p><strong>Talonmies<\/strong><br \/>Puhelin: 0400 988 727<br \/>tilavuokraus [at] rymattylanvpk.fi<\/p>\t\t\t\t\t\t\t\t<\/div>\n\t\t\t\t<\/div>\n\t\t\t\t<div class=\"elementor-element elementor-element-30efddb elementor-widget__width-initial elementor-widget elementor-widget-heading\" data-id=\"30efddb\" data-element_type=\"widget\" data-e-type=\"widget\" data-widget_type=\"heading.default\">\n\t\t\t\t<div class=\"elementor-widget-container\">\n\t\t\t\t\t<h2 class=\"elementor-heading-title elementor-size-default\">Hinnasto ja info<\/h2>\t\t\t\t<\/div>\n\t\t\t\t<\/div>\n\t\t\t\t<div class=\"elementor-element elementor-element-0311dd8 elementor-widget elementor-widget-text-editor\" data-id=\"0311dd8\" data-element_type=\"widget\" data-e-type=\"widget\" data-widget_type=\"text-editor.default\">\n\t\t\t\t<div class=\"elementor-widget-container\">\n\t\t\t\t\t\t\t\t\t<div style=\"caret-color: #000000; color: #000000;\" title=\"Page 1\"><div style=\"background-color: #ffffff;\"><div>\u00a0<\/div><div><span style=\"font-family: Arial; font-size: 10pt; font-weight: bold;\">Ryma\u0308ttyla\u0308n VPK laskuttaa vuokrauksen kokonaisuudessan ennen vuokrausajankohdan alkamista. Lasku tulee olla maksettuna ennen vuokrauksen alkua.<\/span><\/div><div>\u00a0<\/div><div><table style=\"border-collapse: collapse; width: 101.130158%; height: 351px;\"><tbody><tr style=\"height: 27px;\"><td style=\"width: 50.042807%; height: 27px;\"><strong>Tuote<\/strong><\/td><td style=\"width: 29.463948%; height: 27px;\"><strong>Vuokra-aika<\/strong><\/td><td style=\"width: 21.62593%; height: 27px;\"><strong>Vuokra<\/strong><\/td><\/tr><tr style=\"height: 27px;\"><td style=\"width: 50.042807%; height: 27px;\">Talo viikonloppu<\/td><td style=\"width: 29.463948%; height: 27px;\">pe 16.00 &#8211; su 13.00<\/td><td style=\"width: 21.62593%; height: 27px;\">650e<\/td><\/tr><tr style=\"height: 27px;\"><td style=\"width: 50.042807%; height: 27px;\">Talo arkip\u00e4iv\u00e4 ma-to**<\/td><td style=\"width: 29.463948%; height: 27px;\">8.00 &#8211; 21.00<\/td><td style=\"width: 21.62593%; height: 27px;\">300e\/vrk<\/td><\/tr><tr style=\"height: 27px;\"><td style=\"width: 50.042807%; height: 27px;\">Talo viikonloppu kokousvuokra*<\/td><td style=\"width: 29.463948%; height: 27px;\">8.00 &#8211; 21.00\u00a0<\/td><td style=\"width: 21.62593%; height: 27px;\">400e\/vrk<\/td><\/tr><tr style=\"height: 27px;\"><td style=\"width: 50.042807%; height: 27px;\">\u00a0<\/td><td style=\"width: 29.463948%; height: 27px;\">\u00a0<\/td><td style=\"width: 21.62593%; height: 27px;\">\u00a0<\/td><\/tr><tr style=\"height: 27px;\"><td style=\"width: 50.042807%; height: 27px;\">Sauna viikonloppu<\/td><td style=\"width: 29.463948%; height: 27px;\">pe 16:00 &#8211; su 13.00<\/td><td style=\"width: 21.62593%; height: 27px;\">345e<\/td><\/tr><tr style=\"height: 27px;\"><td style=\"width: 50.042807%; height: 27px;\">Sauna pe-la tai la-su<\/td><td style=\"width: 29.463948%; height: 27px;\">16:00 &#8211; 13:00<\/td><td style=\"width: 21.62593%; height: 27px;\">220e<\/td><\/tr><tr style=\"height: 27px;\"><td style=\"width: 50.042807%; height: 27px;\">Sauna arkip\u00e4iv\u00e4 ma-to**<\/td><td style=\"width: 29.463948%; height: 27px;\">16:00 &#8211; 13:00<\/td><td style=\"width: 21.62593%; height: 27px;\">145e<\/td><\/tr><tr style=\"height: 27px;\"><td style=\"width: 50.042807%; height: 27px;\">Palju<\/td><td style=\"width: 29.463948%; height: 27px;\">\u00a0<\/td><td style=\"width: 21.62593%; height: 27px;\">100e\/vrk<\/td><\/tr><tr style=\"height: 27px;\"><td style=\"width: 50.042807%; height: 27px;\">\u00a0<\/td><td style=\"width: 29.463948%; height: 27px;\">\u00a0<\/td><td style=\"width: 21.62593%; height: 27px;\">\u00a0<\/td><\/tr><tr style=\"height: 27px;\"><td style=\"width: 50.042807%; height: 27px;\">Telttakatos 4x6m koottuna<\/td><td style=\"width: 29.463948%; height: 27px;\">\u00a0<\/td><td style=\"width: 21.62593%; height: 27px;\">100e\/vrk<\/td><\/tr><tr style=\"height: 27px;\"><td style=\"width: 50.042807%; height: 27px;\">Talon astiaston vuokraus\u00a0<\/td><td style=\"width: 29.463948%; height: 27px;\">\u00a0<\/td><td style=\"width: 21.62593%; height: 27px;\">110e<\/td><\/tr><tr style=\"height: 27px;\"><td style=\"width: 50.042807%; height: 27px;\">P\u00f6yt\u00e4liina iso\/pieni<\/td><td style=\"width: 29.463948%; height: 27px;\">\u00a0<\/td><td style=\"width: 21.62593%; height: 27px;\">16,5e\/6,5e kpl<\/td><\/tr><tr><td style=\"width: 50.042807%;\">\u00a0<\/td><td style=\"width: 29.463948%;\">\u00a0<\/td><td style=\"width: 21.62593%;\">\u00a0<\/td><\/tr><tr><td style=\"width: 50.042807%;\">Liinavaatevuokraus<\/td><td style=\"width: 29.463948%;\">\u00a0<\/td><td style=\"width: 21.62593%;\">10e\/setti<\/td><\/tr><\/tbody><\/table><p style=\"font-weight: 400;\">*<em>Kokouksien minimilaskutus 4 h<\/em><\/p><p style=\"font-weight: 400;\"><em>**Arkipyhin\u00e4 ja arkipyhien aattoina sovelletaan viikonloppuhintoja<\/em><\/p><p style=\"font-weight: 400;\"><strong>Vuokraajan tulee huolehtia vuokraajan l\u00e4ht\u00f6tarkastuslistan mukaisista toimenpiteist\u00e4 ennen poistumista. L\u00e4ht\u00f6tarkastuslista l\u00e4hetet\u00e4\u00e4n vuokraajalle etuk\u00e4teen ja se l\u00f6ytyy my\u00f6s saunan ja talon sein\u00e4lt\u00e4. Lattioiden, wc-tilojen ja saunan siivous sis\u00e4ltyv\u00e4t vuokrahintaan.<\/strong><\/p><p style=\"font-weight: 400;\"><strong>Vuokraus alkaa saapumisp\u00e4iv\u00e4n\u00e4 klo 15 ja p\u00e4\u00e4ttyy l\u00e4ht\u00f6p\u00e4iv\u00e4n\u00e4 klo 13. <\/strong><\/p><p style=\"font-weight: 400;\"><strong>Vuokraajalle l\u00e4hetet\u00e4\u00e4n ovikoodi, joka on voimassa vuokrauksen ajan.<\/strong><\/p><p style=\"font-weight: 400;\"><strong>Vuokrahinta laskutetaan kokonaisuudessaan ennen vuokrausta. <\/strong><\/p><p style=\"font-weight: 400;\"><strong>Palju t\u00e4ytet\u00e4\u00e4n h\u00e4lytystilanteen salliessa valmiiksi. Paljun l\u00e4mmityksest\u00e4 huolehtii vuokraaja. L\u00e4mmityspuut l\u00f6ytyv\u00e4t saunan puuvajasta.<\/strong><\/p><\/div><\/div><\/div><p><\/p><\/div><\/div><\/div><\/div><\/div><\/section><\/div> <a href=\"https:\/\/www.rymattylanvpk.fi\/index.php\/vpk-talo-ja-rantasauna\/#more-269\" class=\"more-link elementor-more-link\">Lue lis\u00e4\u00e4...<\/a>","protected":false},"excerpt":{"rendered":"<p>VPK-talo VPK:n talo on vuokrattavissa yleis\u00f6- ja juhlatapahtumiin, kuten h\u00e4ihin, yritysten juhliin ja muihin tilaisuuksiin. P\u00e4\u00e4rakennukseen mahtuu enint\u00e4\u00e4n 240 henkil\u00f6\u00e4. P\u00e4\u00e4rakennus ja sauna ovat l\u00e4hell\u00e4 toisiaan ja vuokrattavissa samaan aikaan.&hellip;<a href=\"https:\/\/www.rymattylanvpk.fi\/index.php\/vpk-talo-ja-rantasauna\/\" class=\"more-link\"><span class=\"more-button\">Lue lis\u00e4\u00e4&#8230;<span class=\"screen-reader-text\">VPK-talo ja rantasauna<\/span><\/span><\/a><\/p>\n","protected":false},"author":1,"featured_media":0,"parent":0,"menu_order":0,"comment_status":"closed","ping_status":"closed","template":"elementor_header_footer","meta":{"footnotes":""},"class_list":["post-269","page","type-page","status-publish","hentry"],"_links":{"self":[{"href":"https:\/\/www.rymattylanvpk.fi\/index.php\/wp-json\/wp\/v2\/pages\/269","targetHints":{"allow":["GET"]}}],"collection":[{"href":"https:\/\/www.rymattylanvpk.fi\/index.php\/wp-json\/wp\/v2\/pages"}],"about":[{"href":"https:\/\/www.rymattylanvpk.fi\/index.php\/wp-json\/wp\/v2\/types\/page"}],"author":[{"embeddable":true,"href":"https:\/\/www.rymattylanvpk.fi\/index.php\/wp-json\/wp\/v2\/users\/1"}],"replies":[{"embeddable":true,"href":"https:\/\/www.rymattylanvpk.fi\/index.php\/wp-json\/wp\/v2\/comments?post=269"}],"version-history":[{"count":82,"href":"https:\/\/www.rymattylanvpk.fi\/index.php\/wp-json\/wp\/v2\/pages\/269\/revisions"}],"predecessor-version":[{"id":652,"href":"https:\/\/www.rymattylanvpk.fi\/index.php\/wp-json\/wp\/v2\/pages\/269\/revisions\/652"}],"wp:attachment":[{"href":"https:\/\/www.rymattylanvpk.fi\/index.php\/wp-json\/wp\/v2\/media?parent=269"}],"curies":[{"name":"wp","href":"https:\/\/api.w.org\/{rel}","templated":true}]}}